{"id":7160,"date":"2026-01-16T21:20:04","date_gmt":"2026-01-16T21:20:04","guid":{"rendered":"https:\/\/ivetanejezchlebova.cz\/home\/?page_id=7160"},"modified":"2026-01-16T21:24:27","modified_gmt":"2026-01-16T21:24:27","slug":"prihlaseni","status":"publish","type":"page","link":"https:\/\/ivetanejezchlebova.cz\/home\/prihlaseni\/","title":{"rendered":"P\u0159ihl\u00e1\u0161en\u00ed"},"content":{"rendered":"\t\t<div data-elementor-type=\"wp-page\" data-elementor-id=\"7160\" class=\"elementor elementor-7160\">\n\t\t\t\t\t\t<section class=\"elementor-section elementor-top-section elementor-element elementor-element-4ac6fb93 elementor-section-boxed elementor-section-height-default elementor-section-height-default\" data-id=\"4ac6fb93\" data-element_type=\"section\" data-settings=\"{&quot;background_background&quot;:&quot;classic&quot;}\">\n\t\t\t\t\t\t<div class=\"elementor-container elementor-column-gap-default\">\n\t\t\t\t\t<div class=\"elementor-column elementor-col-100 elementor-top-column elementor-element elementor-element-540138b5\" data-id=\"540138b5\" data-element_type=\"column\">\n\t\t\t<div class=\"elementor-widget-wrap elementor-element-populated\">\n\t\t\t\t\t\t<div class=\"elementor-element elementor-element-6aef0f1 elementor-widget elementor-widget-spacer\" data-id=\"6aef0f1\" data-element_type=\"widget\" data-widget_type=\"spacer.default\">\n\t\t\t\t<div class=\"elementor-widget-container\">\n\t\t\t<style>\/*! elementor - v3.19.0 - 07-02-2024 *\/\n.elementor-column .elementor-spacer-inner{height:var(--spacer-size)}.e-con{--container-widget-width:100%}.e-con-inner>.elementor-widget-spacer,.e-con>.elementor-widget-spacer{width:var(--container-widget-width,var(--spacer-size));--align-self:var(--container-widget-align-self,initial);--flex-shrink:0}.e-con-inner>.elementor-widget-spacer>.elementor-widget-container,.e-con>.elementor-widget-spacer>.elementor-widget-container{height:100%;width:100%}.e-con-inner>.elementor-widget-spacer>.elementor-widget-container>.elementor-spacer,.e-con>.elementor-widget-spacer>.elementor-widget-container>.elementor-spacer{height:100%}.e-con-inner>.elementor-widget-spacer>.elementor-widget-container>.elementor-spacer>.elementor-spacer-inner,.e-con>.elementor-widget-spacer>.elementor-widget-container>.elementor-spacer>.elementor-spacer-inner{height:var(--container-widget-height,var(--spacer-size))}.e-con-inner>.elementor-widget-spacer.elementor-widget-empty,.e-con>.elementor-widget-spacer.elementor-widget-empty{position:relative;min-height:22px;min-width:22px}.e-con-inner>.elementor-widget-spacer.elementor-widget-empty .elementor-widget-empty-icon,.e-con>.elementor-widget-spacer.elementor-widget-empty .elementor-widget-empty-icon{position:absolute;top:0;bottom:0;left:0;right:0;margin:auto;padding:0;width:22px;height:22px}<\/style>\t\t<div class=\"elementor-spacer\">\n\t\t\t<div class=\"elementor-spacer-inner\"><\/div>\n\t\t<\/div>\n\t\t\t\t<\/div>\n\t\t\t\t<\/div>\n\t\t\t\t<div class=\"elementor-element elementor-element-3f83447c elementor-widget elementor-widget-heading\" data-id=\"3f83447c\" data-element_type=\"widget\" data-widget_type=\"heading.default\">\n\t\t\t\t<div class=\"elementor-widget-container\">\n\t\t\t<style>\/*! elementor - v3.19.0 - 07-02-2024 *\/\n.elementor-heading-title{padding:0;margin:0;line-height:1}.elementor-widget-heading .elementor-heading-title[class*=elementor-size-]>a{color:inherit;font-size:inherit;line-height:inherit}.elementor-widget-heading .elementor-heading-title.elementor-size-small{font-size:15px}.elementor-widget-heading .elementor-heading-title.elementor-size-medium{font-size:19px}.elementor-widget-heading .elementor-heading-title.elementor-size-large{font-size:29px}.elementor-widget-heading .elementor-heading-title.elementor-size-xl{font-size:39px}.elementor-widget-heading .elementor-heading-title.elementor-size-xxl{font-size:59px}<\/style><h2 class=\"elementor-heading-title elementor-size-default\">Do kter\u00e9ho z program\u016f se chcete p\u0159ihl\u00e1sit?<\/h2>\t\t<\/div>\n\t\t\t\t<\/div>\n\t\t\t\t<div class=\"elementor-element elementor-element-30e5d692 elementor-widget elementor-widget-heading\" data-id=\"30e5d692\" data-element_type=\"widget\" data-widget_type=\"heading.default\">\n\t\t\t\t<div class=\"elementor-widget-container\">\n\t\t\t<h5 class=\"elementor-heading-title elementor-size-default\"><a href=\"http:\/\/www.telovprovozu.cz\">T\u011blo v provozu<\/a><\/h5>\t\t<\/div>\n\t\t\t\t<\/div>\n\t\t\t\t<div class=\"elementor-element elementor-element-3e1af4e elementor-widget elementor-widget-heading\" data-id=\"3e1af4e\" data-element_type=\"widget\" data-widget_type=\"heading.default\">\n\t\t\t\t<div class=\"elementor-widget-container\">\n\t\t\t<h5 class=\"elementor-heading-title elementor-size-default\"><a href=\"https:\/\/unava.ivetanejezchlebova.cz\/od-unavy-k-usmevu\/app\/member\/login\">Od \u00fanavy k \u00fasm\u011bvu<\/a><\/h5>\t\t<\/div>\n\t\t\t\t<\/div>\n\t\t\t\t<div class=\"elementor-element elementor-element-e490c03 elementor-widget elementor-widget-heading\" data-id=\"e490c03\" data-element_type=\"widget\" data-widget_type=\"heading.default\">\n\t\t\t\t<div class=\"elementor-widget-container\">\n\t\t\t<h5 class=\"elementor-heading-title elementor-size-default\"><a href=\"https:\/\/unava.ivetanejezchlebova.cz\/energeticka-injekce\/app\/member\/login\">Energetick\u00e1 injekce<\/a><\/h5>\t\t<\/div>\n\t\t\t\t<\/div>\n\t\t\t\t<div class=\"elementor-element elementor-element-5677fb0c elementor-widget elementor-widget-spacer\" data-id=\"5677fb0c\" data-element_type=\"widget\" data-widget_type=\"spacer.default\">\n\t\t\t\t<div class=\"elementor-widget-container\">\n\t\t\t\t\t<div class=\"elementor-spacer\">\n\t\t\t<div class=\"elementor-spacer-inner\"><\/div>\n\t\t<\/div>\n\t\t\t\t<\/div>\n\t\t\t\t<\/div>\n\t\t\t\t\t<\/div>\n\t\t<\/div>\n\t\t\t\t\t<\/div>\n\t\t<\/section>\n\t\t\t\t<section class=\"elementor-section elementor-top-section elementor-element elementor-element-2dc92588 elementor-section-boxed elementor-section-height-default elementor-section-height-default\" data-id=\"2dc92588\" data-element_type=\"section\" data-settings=\"{&quot;background_background&quot;:&quot;gradient&quot;}\">\n\t\t\t\t\t\t<div class=\"elementor-container elementor-column-gap-default\">\n\t\t\t\t\t<div class=\"elementor-column elementor-col-100 elementor-top-column elementor-element elementor-element-59804a93\" data-id=\"59804a93\" data-element_type=\"column\">\n\t\t\t<div class=\"elementor-widget-wrap elementor-element-populated\">\n\t\t\t\t\t\t\t<\/div>\n\t\t<\/div>\n\t\t\t\t\t<\/div>\n\t\t<\/section>\n\t\t\t\t<\/div>\n\t\t","protected":false},"excerpt":{"rendered":"<p>Do kter\u00e9ho z program\u016f se chcete p\u0159ihl\u00e1sit? T\u011blo v provozu Od \u00fanavy k \u00fasm\u011bvu Energetick\u00e1 injekce<\/p>\n","protected":false},"author":1,"featured_media":0,"parent":0,"menu_order":0,"comment_status":"closed","ping_status":"closed","template":"","meta":{"_uag_custom_page_level_css":"","site-sidebar-layout":"no-sidebar","site-content-layout":"page-builder","ast-site-content-layout":"full-width-container","site-content-style":"default","site-sidebar-style":"default","ast-global-header-display":"","ast-banner-title-visibility":"","ast-main-header-display":"","ast-hfb-above-header-display":"","ast-hfb-below-header-display":"","ast-hfb-mobile-header-display":"","site-post-title":"disabled","ast-breadcrumbs-content":"","ast-featured-img":"disabled","footer-sml-layout":"","theme-transparent-header-meta":"","adv-header-id-meta":"","stick-header-meta":"","header-above-stick-meta":"","header-main-stick-meta":"","header-below-stick-meta":"","astra-migrate-meta-layouts":"set","ast-page-background-enabled":"default","ast-page-background-meta":{"desktop":{"background-color":"","background-image":"","background-repeat":"repeat","background-position":"center center","background-size":"auto","background-attachment":"scroll","background-type":"","background-media":"","overlay-type":"","overlay-color":"","overlay-opacity":"","overlay-gradient":""},"tablet":{"background-color":"","background-image":"","background-repeat":"repeat","background-position":"center center","background-size":"auto","background-attachment":"scroll","background-type":"","background-media":"","overlay-type":"","overlay-color":"","overlay-opacity":"","overlay-gradient":""},"mobile":{"background-color":"","background-image":"","background-repeat":"repeat","background-position":"center center","background-size":"auto","background-attachment":"scroll","background-type":"","background-media":"","overlay-type":"","overlay-color":"","overlay-opacity":"","overlay-gradient":""}},"ast-content-background-meta":{"desktop":{"background-color":"var(--ast-global-color-5)","background-image":"","background-repeat":"repeat","background-position":"center center","background-size":"auto","background-attachment":"scroll","background-type":"","background-media":"","overlay-type":"","overlay-color":"","overlay-opacity":"","overlay-gradient":""},"tablet":{"background-color":"var(--ast-global-color-5)","background-image":"","background-repeat":"repeat","background-position":"center center","background-size":"auto","background-attachment":"scroll","background-type":"","background-media":"","overlay-type":"","overlay-color":"","overlay-opacity":"","overlay-gradient":""},"mobile":{"background-color":"var(--ast-global-color-5)","background-image":"","background-repeat":"repeat","background-position":"center center","background-size":"auto","background-attachment":"scroll","background-type":"","background-media":"","overlay-type":"","overlay-color":"","overlay-opacity":"","overlay-gradient":""}},"footnotes":""},"class_list":["post-7160","page","type-page","status-publish","hentry"],"yoast_head":"<!-- This site is optimized with the Yoast SEO plugin v22.0 - https:\/\/yoast.com\/wordpress\/plugins\/seo\/ -->\n<title>P\u0159ihl\u00e1\u0161en\u00ed - Iveta Nejezchlebova<\/title>\n<meta name=\"robots\" content=\"index, follow, max-snippet:-1, max-image-preview:large, max-video-preview:-1\" \/>\n<link rel=\"canonical\" href=\"https:\/\/ivetanejezchlebova.cz\/home\/prihlaseni\/\" \/>\n<meta property=\"og:locale\" content=\"cs_CZ\" \/>\n<meta property=\"og:type\" content=\"article\" \/>\n<meta property=\"og:title\" content=\"P\u0159ihl\u00e1\u0161en\u00ed - Iveta Nejezchlebova\" \/>\n<meta property=\"og:description\" content=\"Do kter\u00e9ho z program\u016f se chcete p\u0159ihl\u00e1sit? T\u011blo v provozu Od \u00fanavy k \u00fasm\u011bvu Energetick\u00e1 injekce\" \/>\n<meta property=\"og:url\" content=\"https:\/\/ivetanejezchlebova.cz\/home\/prihlaseni\/\" \/>\n<meta property=\"og:site_name\" content=\"Iveta Nejezchlebova\" \/>\n<meta property=\"article:publisher\" content=\"https:\/\/www.facebook.com\/bohynevlese\/\" \/>\n<meta property=\"article:modified_time\" content=\"2026-01-16T21:24:27+00:00\" \/>\n<meta property=\"og:image\" content=\"https:\/\/ivetanejezchlebova.cz\/wp-content\/uploads\/2022\/05\/2-1.jpg\" \/>\n\t<meta property=\"og:image:width\" content=\"940\" \/>\n\t<meta property=\"og:image:height\" content=\"788\" \/>\n\t<meta property=\"og:image:type\" content=\"image\/jpeg\" \/>\n<meta name=\"twitter:card\" content=\"summary_large_image\" \/>\n<meta name=\"twitter:label1\" content=\"Odhadovan\u00e1 doba \u010dten\u00ed\" \/>\n\t<meta name=\"twitter:data1\" content=\"1 minuta\" \/>\n<script type=\"application\/ld+json\" class=\"yoast-schema-graph\">{\"@context\":\"https:\/\/schema.org\",\"@graph\":[{\"@type\":\"WebPage\",\"@id\":\"https:\/\/ivetanejezchlebova.cz\/home\/prihlaseni\/\",\"url\":\"https:\/\/ivetanejezchlebova.cz\/home\/prihlaseni\/\",\"name\":\"P\u0159ihl\u00e1\u0161en\u00ed - Iveta Nejezchlebova\",\"isPartOf\":{\"@id\":\"https:\/\/ivetanejezchlebova.cz\/home\/#website\"},\"datePublished\":\"2026-01-16T21:20:04+00:00\",\"dateModified\":\"2026-01-16T21:24:27+00:00\",\"breadcrumb\":{\"@id\":\"https:\/\/ivetanejezchlebova.cz\/home\/prihlaseni\/#breadcrumb\"},\"inLanguage\":\"cs\",\"potentialAction\":[{\"@type\":\"ReadAction\",\"target\":[\"https:\/\/ivetanejezchlebova.cz\/home\/prihlaseni\/\"]}]},{\"@type\":\"BreadcrumbList\",\"@id\":\"https:\/\/ivetanejezchlebova.cz\/home\/prihlaseni\/#breadcrumb\",\"itemListElement\":[{\"@type\":\"ListItem\",\"position\":1,\"name\":\"Dom\u016f\",\"item\":\"https:\/\/ivetanejezchlebova.cz\/home\/\"},{\"@type\":\"ListItem\",\"position\":2,\"name\":\"P\u0159ihl\u00e1\u0161en\u00ed\"}]},{\"@type\":\"WebSite\",\"@id\":\"https:\/\/ivetanejezchlebova.cz\/home\/#website\",\"url\":\"https:\/\/ivetanejezchlebova.cz\/home\/\",\"name\":\"Iveta Nejezchlebova\",\"description\":\"\",\"publisher\":{\"@id\":\"https:\/\/ivetanejezchlebova.cz\/home\/#organization\"},\"potentialAction\":[{\"@type\":\"SearchAction\",\"target\":{\"@type\":\"EntryPoint\",\"urlTemplate\":\"https:\/\/ivetanejezchlebova.cz\/home\/?s={search_term_string}\"},\"query-input\":\"required name=search_term_string\"}],\"inLanguage\":\"cs\"},{\"@type\":\"Organization\",\"@id\":\"https:\/\/ivetanejezchlebova.cz\/home\/#organization\",\"name\":\"Iveta Nejezchlebova\",\"url\":\"https:\/\/ivetanejezchlebova.cz\/home\/\",\"logo\":{\"@type\":\"ImageObject\",\"inLanguage\":\"cs\",\"@id\":\"https:\/\/ivetanejezchlebova.cz\/home\/#\/schema\/logo\/image\/\",\"url\":\"https:\/\/ivetanejezchlebova.cz\/wp-content\/uploads\/2025\/03\/cropped-webovka.png\",\"contentUrl\":\"https:\/\/ivetanejezchlebova.cz\/wp-content\/uploads\/2025\/03\/cropped-webovka.png\",\"width\":1920,\"height\":640,\"caption\":\"Iveta Nejezchlebova\"},\"image\":{\"@id\":\"https:\/\/ivetanejezchlebova.cz\/home\/#\/schema\/logo\/image\/\"},\"sameAs\":[\"https:\/\/www.facebook.com\/bohynevlese\/\",\"https:\/\/www.instagram.com\/bohynevlese\/\"]}]}<\/script>\n<!-- \/ Yoast SEO plugin. -->","yoast_head_json":{"title":"P\u0159ihl\u00e1\u0161en\u00ed - Iveta Nejezchlebova","robots":{"index":"index","follow":"follow","max-snippet":"max-snippet:-1","max-image-preview":"max-image-preview:large","max-video-preview":"max-video-preview:-1"},"canonical":"https:\/\/ivetanejezchlebova.cz\/home\/prihlaseni\/","og_locale":"cs_CZ","og_type":"article","og_title":"P\u0159ihl\u00e1\u0161en\u00ed - Iveta Nejezchlebova","og_description":"Do kter\u00e9ho z program\u016f se chcete p\u0159ihl\u00e1sit? T\u011blo v provozu Od \u00fanavy k \u00fasm\u011bvu Energetick\u00e1 injekce","og_url":"https:\/\/ivetanejezchlebova.cz\/home\/prihlaseni\/","og_site_name":"Iveta Nejezchlebova","article_publisher":"https:\/\/www.facebook.com\/bohynevlese\/","article_modified_time":"2026-01-16T21:24:27+00:00","og_image":[{"width":940,"height":788,"url":"https:\/\/ivetanejezchlebova.cz\/wp-content\/uploads\/2022\/05\/2-1.jpg","type":"image\/jpeg"}],"twitter_card":"summary_large_image","twitter_misc":{"Odhadovan\u00e1 doba \u010dten\u00ed":"1 minuta"},"schema":{"@context":"https:\/\/schema.org","@graph":[{"@type":"WebPage","@id":"https:\/\/ivetanejezchlebova.cz\/home\/prihlaseni\/","url":"https:\/\/ivetanejezchlebova.cz\/home\/prihlaseni\/","name":"P\u0159ihl\u00e1\u0161en\u00ed - Iveta Nejezchlebova","isPartOf":{"@id":"https:\/\/ivetanejezchlebova.cz\/home\/#website"},"datePublished":"2026-01-16T21:20:04+00:00","dateModified":"2026-01-16T21:24:27+00:00","breadcrumb":{"@id":"https:\/\/ivetanejezchlebova.cz\/home\/prihlaseni\/#breadcrumb"},"inLanguage":"cs","potentialAction":[{"@type":"ReadAction","target":["https:\/\/ivetanejezchlebova.cz\/home\/prihlaseni\/"]}]},{"@type":"BreadcrumbList","@id":"https:\/\/ivetanejezchlebova.cz\/home\/prihlaseni\/#breadcrumb","itemListElement":[{"@type":"ListItem","position":1,"name":"Dom\u016f","item":"https:\/\/ivetanejezchlebova.cz\/home\/"},{"@type":"ListItem","position":2,"name":"P\u0159ihl\u00e1\u0161en\u00ed"}]},{"@type":"WebSite","@id":"https:\/\/ivetanejezchlebova.cz\/home\/#website","url":"https:\/\/ivetanejezchlebova.cz\/home\/","name":"Iveta Nejezchlebova","description":"","publisher":{"@id":"https:\/\/ivetanejezchlebova.cz\/home\/#organization"},"potentialAction":[{"@type":"SearchAction","target":{"@type":"EntryPoint","urlTemplate":"https:\/\/ivetanejezchlebova.cz\/home\/?s={search_term_string}"},"query-input":"required name=search_term_string"}],"inLanguage":"cs"},{"@type":"Organization","@id":"https:\/\/ivetanejezchlebova.cz\/home\/#organization","name":"Iveta Nejezchlebova","url":"https:\/\/ivetanejezchlebova.cz\/home\/","logo":{"@type":"ImageObject","inLanguage":"cs","@id":"https:\/\/ivetanejezchlebova.cz\/home\/#\/schema\/logo\/image\/","url":"https:\/\/ivetanejezchlebova.cz\/wp-content\/uploads\/2025\/03\/cropped-webovka.png","contentUrl":"https:\/\/ivetanejezchlebova.cz\/wp-content\/uploads\/2025\/03\/cropped-webovka.png","width":1920,"height":640,"caption":"Iveta Nejezchlebova"},"image":{"@id":"https:\/\/ivetanejezchlebova.cz\/home\/#\/schema\/logo\/image\/"},"sameAs":["https:\/\/www.facebook.com\/bohynevlese\/","https:\/\/www.instagram.com\/bohynevlese\/"]}]}},"uagb_featured_image_src":{"full":false,"thumbnail":false,"medium":false,"medium_large":false,"large":false,"1536x1536":false,"2048x2048":false},"uagb_author_info":{"display_name":"admin","author_link":"https:\/\/ivetanejezchlebova.cz\/home\/author\/admin\/"},"uagb_comment_info":0,"uagb_excerpt":"Do kter\u00e9ho z program\u016f se chcete p\u0159ihl\u00e1sit? T\u011blo v provozu Od \u00fanavy k \u00fasm\u011bvu Energetick\u00e1 injekce","_links":{"self":[{"href":"https:\/\/ivetanejezchlebova.cz\/home\/wp-json\/wp\/v2\/pages\/7160","targetHints":{"allow":["GET"]}}],"collection":[{"href":"https:\/\/ivetanejezchlebova.cz\/home\/wp-json\/wp\/v2\/pages"}],"about":[{"href":"https:\/\/ivetanejezchlebova.cz\/home\/wp-json\/wp\/v2\/types\/page"}],"author":[{"embeddable":true,"href":"https:\/\/ivetanejezchlebova.cz\/home\/wp-json\/wp\/v2\/users\/1"}],"replies":[{"embeddable":true,"href":"https:\/\/ivetanejezchlebova.cz\/home\/wp-json\/wp\/v2\/comments?post=7160"}],"version-history":[{"count":11,"href":"https:\/\/ivetanejezchlebova.cz\/home\/wp-json\/wp\/v2\/pages\/7160\/revisions"}],"predecessor-version":[{"id":7172,"href":"https:\/\/ivetanejezchlebova.cz\/home\/wp-json\/wp\/v2\/pages\/7160\/revisions\/7172"}],"wp:attachment":[{"href":"https:\/\/ivetanejezchlebova.cz\/home\/wp-json\/wp\/v2\/media?parent=7160"}],"curies":[{"name":"wp","href":"https:\/\/api.w.org\/{rel}","templated":true}]}}